{"id":45,"date":"2017-10-31T08:47:51","date_gmt":"2017-10-31T08:47:51","guid":{"rendered":"http:\/\/goteborgcurling.se\/mixeddubbel\/?page_id=45"},"modified":"2017-12-02T15:36:29","modified_gmt":"2017-12-02T15:36:29","slug":"live","status":"publish","type":"page","link":"https:\/\/goteborgcurling.se\/mixeddubbel\/live\/","title":{"rendered":"Live"},"content":{"rendered":"<p>V\u00e4lj aktuell match i spellistan uppe i v\u00e4nstra h\u00f6rnet p\u00e5 s\u00e4ndningen eller klicka p\u00e5 l\u00e4nken nedanf\u00f6r.<\/p>\n<figure class=\"wp-block-embed wp-block-embed-youtube is-type-video is-provider-youtube epyt-figure\"><div class=\"wp-block-embed__wrapper\"><iframe  id=\"_ytid_52790\"  width=\"525\" height=\"295\"  data-origwidth=\"525\" data-origheight=\"295\" src=\"https:\/\/www.youtube.com\/embed\/?enablejsapi=1&listType=playlist&list=PLusDJJEATcgAQOGMz1tihCoIt8XBLipmL&autoplay=0&cc_load_policy=0&cc_lang_pref=&iv_load_policy=1&loop=0&rel=1&fs=1&playsinline=0&autohide=2&theme=dark&color=red&controls=1&disablekb=0&\" class=\"__youtube_prefs__  no-lazyload\" title=\"YouTube player\"  allow=\"fullscreen; accelerometer; autoplay; clipboard-write; encrypted-media; gyroscope; picture-in-picture; web-share\" referrerpolicy=\"strict-origin-when-cross-origin\" allowfullscreen data-no-lazy=\"1\" data-skipgform_ajax_framebjll=\"\"><\/iframe><\/div><\/figure>\n<p><strong>S\u00e4ndningsschema:<\/strong><\/p>\n<p><a href=\"https:\/\/www.youtube.com\/watch?v=wFnHmL6Vg2Y&amp;index=1&amp;list=PLusDJJEATcgAQOGMz1tihCoIt8XBLipmL\" target=\"_blank\" rel=\"noopener\">Torsdag kl 19.00: J Heldin\/K Lindstr\u00f6m &#8211; L Wikars\/A Winter<\/a><\/p>\n<p><a href=\"https:\/\/www.youtube.com\/watch?v=RBojHVdaWIQ&amp;index=2&amp;list=PLusDJJEATcgAQOGMz1tihCoIt8XBLipmL\" target=\"_blank\" rel=\"noopener\">Fredag kl 09.00: C Fransson\/G K\u00f6hn &#8211; M Wendel\/F Wingfors<\/a><br \/>\n<a href=\"https:\/\/www.youtube.com\/watch?v=NOYykjJO6_4&amp;index=3&amp;list=PLusDJJEATcgAQOGMz1tihCoIt8XBLipmL\" target=\"_blank\" rel=\"noopener\">Fredag kl 14.00: C Nor\u00e9en\/P Nor\u00e9en &#8211; I Norrbelius\/L Linander<\/a><br \/>\n<a href=\"https:\/\/www.youtube.com\/watch?v=DNdM-g9_L6k&amp;index=4&amp;list=PLusDJJEATcgAQOGMz1tihCoIt8XBLipmL\" target=\"_blank\" rel=\"noopener\">Fredag kl 19.00: M Wendel\/F Wingfors &#8211; S Carlsson\/A Sj\u00f6berg<\/a><\/p>\n<p><a href=\"https:\/\/youtu.be\/r2iMZM7dVL4\" target=\"_blank\" rel=\"noopener\">L\u00f6rdag kl 09.00: I Norrbelius\/L Linander &#8211; J Heldin\/K Lindstr\u00f6m<\/a><br \/>\n<a href=\"https:\/\/www.youtube.com\/watch?v=lHiJTpMAyJ4&amp;index=6&amp;list=PLusDJJEATcgAQOGMz1tihCoIt8XBLipmL\" target=\"_blank\" rel=\"noopener\">L\u00f6rdag kl 14.00: S Carlsson\/A Sj\u00f6berg &#8211; C Nor\u00e9en\/P Nor\u00e9en<\/a><br \/>\n<a href=\"https:\/\/www.youtube.com\/watch?v=zAOt26g9zKc&amp;list=PLusDJJEATcgAQOGMz1tihCoIt8XBLipmL&amp;index=7\" target=\"_blank\" rel=\"noopener\">L\u00f6rdag kl 19:00: T Westman\/R Ahlberg &#8211; C Fransson\/G K\u00f6hn<\/a><\/p>\n<p><a href=\"https:\/\/www.youtube.com\/watch?v=z9loENpC1YA\" target=\"_blank\" rel=\"noopener\">S\u00f6ndag kl 09.00: Semifinal<\/a><br \/>\n<a href=\"https:\/\/www.youtube.com\/watch?v=pp3CK0ZhWzI\" target=\"_blank\" rel=\"noopener\">S\u00f6ndag kl 13.00: Final<\/a><\/p>\n<p>&nbsp;<\/p>\n<p>&nbsp;<\/p>\n","protected":false},"excerpt":{"rendered":"<p>V\u00e4lj aktuell match i spellistan uppe i v\u00e4nstra h\u00f6rnet p\u00e5 s\u00e4ndningen eller klicka p\u00e5 l\u00e4nken nedanf\u00f6r. S\u00e4ndningsschema: Torsdag kl 19.00: J Heldin\/K Lindstr\u00f6m &#8211; L Wikars\/A Winter Fredag kl 09.00: C Fransson\/G K\u00f6hn &#8211; M Wendel\/F Wingfors Fredag kl 14.00: C Nor\u00e9en\/P Nor\u00e9en &#8211; I Norrbelius\/L Linander Fredag kl 19.00: M Wendel\/F Wingfors &#8211; S &hellip; <\/p>\n<p class=\"link-more\"><a href=\"https:\/\/goteborgcurling.se\/mixeddubbel\/live\/\" class=\"more-link\">Forts\u00e4tt l\u00e4sa<span class=\"screen-reader-text\"> \u201dLive\u201d<\/span><\/a><\/p>\n","protected":false},"author":2,"featured_media":0,"parent":0,"menu_order":0,"comment_status":"closed","ping_status":"closed","template":"","meta":[],"_links":{"self":[{"href":"https:\/\/goteborgcurling.se\/mixeddubbel\/wp-json\/wp\/v2\/pages\/45"}],"collection":[{"href":"https:\/\/goteborgcurling.se\/mixeddubbel\/wp-json\/wp\/v2\/pages"}],"about":[{"href":"https:\/\/goteborgcurling.se\/mixeddubbel\/wp-json\/wp\/v2\/types\/page"}],"author":[{"embeddable":true,"href":"https:\/\/goteborgcurling.se\/mixeddubbel\/wp-json\/wp\/v2\/users\/2"}],"replies":[{"embeddable":true,"href":"https:\/\/goteborgcurling.se\/mixeddubbel\/wp-json\/wp\/v2\/comments?post=45"}],"version-history":[{"count":24,"href":"https:\/\/goteborgcurling.se\/mixeddubbel\/wp-json\/wp\/v2\/pages\/45\/revisions"}],"predecessor-version":[{"id":413,"href":"https:\/\/goteborgcurling.se\/mixeddubbel\/wp-json\/wp\/v2\/pages\/45\/revisions\/413"}],"wp:attachment":[{"href":"https:\/\/goteborgcurling.se\/mixeddubbel\/wp-json\/wp\/v2\/media?parent=45"}],"curies":[{"name":"wp","href":"https:\/\/api.w.org\/{rel}","templated":true}]}}